{"id":489,"date":"2024-03-10T12:53:05","date_gmt":"2024-03-10T11:53:05","guid":{"rendered":"https:\/\/sebimart.pl\/?page_id=489"},"modified":"2024-06-10T11:56:09","modified_gmt":"2024-06-10T09:56:09","slug":"o-nas","status":"publish","type":"page","link":"https:\/\/sebimart.pl\/index.php\/o-nas\/","title":{"rendered":"Sklep"},"content":{"rendered":"\t\t<div data-elementor-type=\"wp-page\" data-elementor-id=\"489\" class=\"elementor elementor-489\" data-elementor-post-type=\"page\">\n\t\t\t\t\t\t<section class=\"elementor-section elementor-top-section elementor-element elementor-element-4d4f0f93 elementor-section-height-min-height elementor-section-boxed elementor-section-height-default elementor-section-items-middle\" data-id=\"4d4f0f93\" data-element_type=\"section\" data-settings=\"{&quot;background_background&quot;:&quot;classic&quot;}\">\n\t\t\t\t\t\t\t<div class=\"elementor-background-overlay\"><\/div>\n\t\t\t\t\t\t\t<div class=\"elementor-container elementor-column-gap-default\">\n\t\t\t\t\t<div class=\"elementor-column elementor-col-100 elementor-top-column elementor-element elementor-element-36eeb552\" data-id=\"36eeb552\" data-element_type=\"column\">\n\t\t\t<div class=\"elementor-widget-wrap elementor-element-populated\">\n\t\t\t\t\t\t<div class=\"elementor-element elementor-element-442ed059 elementor-widget elementor-widget-heading\" data-id=\"442ed059\" data-element_type=\"widget\" data-widget_type=\"heading.default\">\n\t\t\t\t<div class=\"elementor-widget-container\">\n\t\t\t<style>\/*! elementor - v3.19.0 - 28-02-2024 *\/\n.elementor-heading-title{padding:0;margin:0;line-height:1}.elementor-widget-heading .elementor-heading-title[class*=elementor-size-]>a{color:inherit;font-size:inherit;line-height:inherit}.elementor-widget-heading .elementor-heading-title.elementor-size-small{font-size:15px}.elementor-widget-heading .elementor-heading-title.elementor-size-medium{font-size:19px}.elementor-widget-heading .elementor-heading-title.elementor-size-large{font-size:29px}.elementor-widget-heading .elementor-heading-title.elementor-size-xl{font-size:39px}.elementor-widget-heading .elementor-heading-title.elementor-size-xxl{font-size:59px}<\/style><h1 class=\"elementor-heading-title elementor-size-xxl\">Sklep<\/h1>\t\t<\/div>\n\t\t\t\t<\/div>\n\t\t\t\t<div class=\"elementor-element elementor-element-67115c56 elementor-invisible elementor-widget elementor-widget-heading\" data-id=\"67115c56\" data-element_type=\"widget\" data-settings=\"{&quot;_animation&quot;:&quot;fadeInUp&quot;,&quot;_animation_delay&quot;:400}\" data-widget_type=\"heading.default\">\n\t\t\t\t<div class=\"elementor-widget-container\">\n\t\t\t<h2 class=\"elementor-heading-title elementor-size-default\">Znajdziesz u nas wszystko, czego potrzebujesz do utrzymania Twojego samochodu w doskona\u0142ej kondycji. Zapraszamy do odwiedzenia naszego sklepu i skorzystania z naszej bogatej oferty produkt\u00f3w dla motoryzacji i rolnictwa.<\/h2>\t\t<\/div>\n\t\t\t\t<\/div>\n\t\t\t\t\t<\/div>\n\t\t<\/div>\n\t\t\t\t\t<\/div>\n\t\t<\/section>\n\t\t\t\t<section class=\"elementor-section elementor-top-section elementor-element elementor-element-293c41d elementor-section-height-min-height elementor-section-items-stretch elementor-section-boxed elementor-section-height-default\" data-id=\"293c41d\" data-element_type=\"section\" data-settings=\"{&quot;background_background&quot;:&quot;classic&quot;}\">\n\t\t\t\t\t\t\t<div class=\"elementor-background-overlay\"><\/div>\n\t\t\t\t\t\t\t<div class=\"elementor-container elementor-column-gap-no\">\n\t\t\t\t\t<div class=\"elementor-column elementor-col-50 elementor-top-column elementor-element elementor-element-33dfcd7d\" data-id=\"33dfcd7d\" data-element_type=\"column\">\n\t\t\t<div class=\"elementor-widget-wrap elementor-element-populated\">\n\t\t\t\t\t\t<div class=\"elementor-element elementor-element-75a7dca elementor-invisible elementor-widget elementor-widget-heading\" data-id=\"75a7dca\" data-element_type=\"widget\" data-settings=\"{&quot;_animation&quot;:&quot;fadeInLeft&quot;}\" data-widget_type=\"heading.default\">\n\t\t\t\t<div class=\"elementor-widget-container\">\n\t\t\t<h2 class=\"elementor-heading-title elementor-size-xl\">Szeroka oferta akcesori\u00f3w<\/h2>\t\t<\/div>\n\t\t\t\t<\/div>\n\t\t\t\t<div class=\"elementor-element elementor-element-1aa58998 elementor-invisible elementor-widget elementor-widget-heading\" data-id=\"1aa58998\" data-element_type=\"widget\" data-settings=\"{&quot;_animation&quot;:&quot;fadeInUp&quot;,&quot;_animation_delay&quot;:400}\" data-widget_type=\"heading.default\">\n\t\t\t\t<div class=\"elementor-widget-container\">\n\t\t\t<h3 class=\"elementor-heading-title elementor-size-small\">Znajdziesz u nas wszystko, czego potrzebujesz do utrzymania Twojego samochodu, ci\u0105gnika lub maszyny rolniczej w doskona\u0142ej kondycji. Zapraszamy do odwiedzenia naszego sklepu i skorzystania z naszej bogatej oferty produkt\u00f3w dla motoryzacji.<\/h3>\t\t<\/div>\n\t\t\t\t<\/div>\n\t\t\t\t<div class=\"elementor-element elementor-element-e8aae76 elementor-invisible elementor-widget elementor-widget-heading\" data-id=\"e8aae76\" data-element_type=\"widget\" data-settings=\"{&quot;_animation&quot;:&quot;fadeInUp&quot;,&quot;_animation_delay&quot;:400}\" data-widget_type=\"heading.default\">\n\t\t\t\t<div class=\"elementor-widget-container\">\n\t\t\t<h3 class=\"elementor-heading-title elementor-size-small\">1. Elementy odblaskowe: Zapewniaj\u0105ce bezpiecze\u0144stwo na drodze, zgodne z wymogami dotycz\u0105cymi oznakowania pojazd\u00f3w, w tym przyczep rolniczych.\n<b4>2. \u015awiat\u0142a: Oferujemy r\u00f3\u017cnorodne typy \u015bwiate\u0142, w tym tylne, boczne oraz kierunkowskazy, kt\u00f3re s\u0105 niezb\u0119dne do prawid\u0142owego o\u015bwietlenia i sygnalizacji na drodze.\n3. Ko\u0142a zapasowe: Dost\u0119pne w r\u00f3\u017cnych rozmiarach i wariantach, aby zapewni\u0107 gotowo\u015b\u0107 do awaryjnej wymiany opony w przypadku przebicia lub uszkodzenia.\n4. Dodatkowo, oferujemy szeroki wyb\u00f3r akcesori\u00f3w i cz\u0119\u015bci zamiennych specjalnie dla przyczep rolniczych, takich jak:\nUchwyty i zabezpieczenia do przyczep\nCz\u0119\u015bci uk\u0142adu hamulcowego\nElementy zawieszenia\nAkcesoria do przewozu \u0142adunk\u00f3w, takie jak pasy transportowe\nElementy monta\u017cowe i naprawcze<\/h3>\t\t<\/div>\n\t\t\t\t<\/div>\n\t\t\t\t\t<\/div>\n\t\t<\/div>\n\t\t\t\t<div class=\"elementor-column elementor-col-50 elementor-top-column elementor-element elementor-element-3cf2ff2e\" data-id=\"3cf2ff2e\" data-element_type=\"column\">\n\t\t\t<div class=\"elementor-widget-wrap elementor-element-populated\">\n\t\t\t\t\t\t<div class=\"elementor-element elementor-element-7f8beaaa elementor-pagination-position-inside elementor-widget elementor-widget-image-carousel\" data-id=\"7f8beaaa\" data-element_type=\"widget\" data-settings=\"{&quot;slides_to_show&quot;:&quot;1&quot;,&quot;navigation&quot;:&quot;dots&quot;,&quot;pause_on_hover&quot;:&quot;no&quot;,&quot;autoplay_speed&quot;:6000,&quot;autoplay&quot;:&quot;yes&quot;,&quot;pause_on_interaction&quot;:&quot;yes&quot;,&quot;infinite&quot;:&quot;yes&quot;,&quot;effect&quot;:&quot;slide&quot;,&quot;speed&quot;:500}\" data-widget_type=\"image-carousel.default\">\n\t\t\t\t<div class=\"elementor-widget-container\">\n\t\t\t<style>\/*! elementor - v3.19.0 - 28-02-2024 *\/\n.elementor-widget-image-carousel .swiper,.elementor-widget-image-carousel .swiper-container{position:static}.elementor-widget-image-carousel .swiper-container .swiper-slide figure,.elementor-widget-image-carousel .swiper .swiper-slide figure{line-height:inherit}.elementor-widget-image-carousel .swiper-slide{text-align:center}.elementor-image-carousel-wrapper:not(.swiper-container-initialized):not(.swiper-initialized) .swiper-slide{max-width:calc(100% \/ var(--e-image-carousel-slides-to-show, 3))}<\/style>\t\t<div class=\"elementor-image-carousel-wrapper swiper\" dir=\"ltr\">\n\t\t\t<div class=\"elementor-image-carousel swiper-wrapper\" aria-live=\"off\">\n\t\t\t\t\t\t\t\t<div class=\"swiper-slide\" role=\"group\" aria-roledescription=\"slide\" aria-label=\"1 of 14\"><figure class=\"swiper-slide-inner\"><img decoding=\"async\" class=\"swiper-slide-image\" src=\"https:\/\/sebimart.pl\/wp-content\/uploads\/elementor\/thumbs\/IMG20240311142110-scaled-qlp30j881ho4okxwqsa8hh78xj353dhl4vjch0gtio.jpg\" alt=\"IMG20240311142110\" \/><\/figure><\/div><div class=\"swiper-slide\" role=\"group\" aria-roledescription=\"slide\" aria-label=\"2 of 14\"><figure class=\"swiper-slide-inner\"><img decoding=\"async\" class=\"swiper-slide-image\" src=\"https:\/\/sebimart.pl\/wp-content\/uploads\/elementor\/thumbs\/IMG20240311142104-scaled-qlp30rorqzzpl2lmddxvlx2e9zxg0nf661epsi49yo.jpg\" alt=\"IMG20240311142104\" \/><\/figure><\/div><div class=\"swiper-slide\" role=\"group\" aria-roledescription=\"slide\" aria-label=\"3 of 14\"><figure class=\"swiper-slide-inner\"><img decoding=\"async\" class=\"swiper-slide-image\" src=\"https:\/\/sebimart.pl\/wp-content\/uploads\/elementor\/thumbs\/IMG20240311152615-1-scaled-qlp316q6sckaqtzrxkfwpt9rs5vbft2vk3uhgxhz74.jpg\" alt=\"IMG20240311152615\" \/><\/figure><\/div><div class=\"swiper-slide\" role=\"group\" aria-roledescription=\"slide\" aria-label=\"4 of 14\"><figure class=\"swiper-slide-inner\"><img decoding=\"async\" class=\"swiper-slide-image\" src=\"https:\/\/sebimart.pl\/wp-content\/uploads\/elementor\/thumbs\/IMG20240311152601-scaled-qlp31cd7xcs0ohrl0mvo4rujch3ipzp9kvrecl9m5s.jpg\" alt=\"IMG20240311152601\" \/><\/figure><\/div><div class=\"swiper-slide\" role=\"group\" aria-roledescription=\"slide\" aria-label=\"5 of 14\"><figure class=\"swiper-slide-inner\"><img decoding=\"async\" class=\"swiper-slide-image\" src=\"https:\/\/sebimart.pl\/wp-content\/uploads\/elementor\/thumbs\/SAM_7610-scaled-qlp3nhgcwv365tlrq7fav6pf37ys1blnagz5b8frlc.jpg\" alt=\"SAM_7610\" \/><\/figure><\/div><div class=\"swiper-slide\" role=\"group\" aria-roledescription=\"slide\" aria-label=\"6 of 14\"><figure class=\"swiper-slide-inner\"><img decoding=\"async\" class=\"swiper-slide-image\" src=\"https:\/\/sebimart.pl\/wp-content\/uploads\/elementor\/thumbs\/SAM_7611-scaled-qlp3nm5jv19lrvexyrgfpniq25bm3t4az48kpm8sq8.jpg\" alt=\"SAM_7611\" \/><\/figure><\/div><div class=\"swiper-slide\" role=\"group\" aria-roledescription=\"slide\" aria-label=\"7 of 14\"><figure class=\"swiper-slide-inner\"><img decoding=\"async\" class=\"swiper-slide-image\" src=\"https:\/\/sebimart.pl\/wp-content\/uploads\/elementor\/thumbs\/SAM_7839-scaled-qlp3nquqt7g1dx847bhkk4c112og6amynri0401tv4.jpg\" alt=\"SAM_7839\" \/><\/figure><\/div><div class=\"swiper-slide\" role=\"group\" aria-roledescription=\"slide\" aria-label=\"8 of 14\"><figure class=\"swiper-slide-inner\"><img decoding=\"async\" class=\"swiper-slide-image\" src=\"https:\/\/sebimart.pl\/wp-content\/uploads\/elementor\/thumbs\/SAM_7841-scaled-qlp3nvjxrdmgzz1afvipel5c001a8s5mcerfiduv00.jpg\" alt=\"SAM_7841\" \/><\/figure><\/div><div class=\"swiper-slide\" role=\"group\" aria-roledescription=\"slide\" aria-label=\"9 of 14\"><figure class=\"swiper-slide-inner\"><img decoding=\"async\" class=\"swiper-slide-image\" src=\"https:\/\/sebimart.pl\/wp-content\/uploads\/elementor\/thumbs\/IMG_20230322_115239_681-scaled-qpg6lceg471viwoc2dxukxclvmmkrgxfy0y5mcjjhs.jpg\" alt=\"IMG_20230322_115239_681\" \/><\/figure><\/div><div class=\"swiper-slide\" role=\"group\" aria-roledescription=\"slide\" aria-label=\"10 of 14\"><figure class=\"swiper-slide-inner\"><img decoding=\"async\" class=\"swiper-slide-image\" src=\"https:\/\/sebimart.pl\/wp-content\/uploads\/elementor\/thumbs\/IMG_20230322_115702_289-scaled-qpg6kwf6w0g01jbjnp16wjdrs2tc4m607tuwgn78fk.jpg\" alt=\"IMG_20230322_115702_289\" \/><\/figure><\/div><div class=\"swiper-slide\" role=\"group\" aria-roledescription=\"slide\" aria-label=\"11 of 14\"><figure class=\"swiper-slide-inner\"><img decoding=\"async\" class=\"swiper-slide-image\" src=\"https:\/\/sebimart.pl\/wp-content\/uploads\/elementor\/thumbs\/IMG_20230322_120337_918-scaled-qpg6kj9g8bxzizunsjcexmpbgom74upri0q3qrqquo.jpg\" alt=\"IMG_20230322_120337_918\" \/><\/figure><\/div><div class=\"swiper-slide\" role=\"group\" aria-roledescription=\"slide\" aria-label=\"12 of 14\"><figure class=\"swiper-slide-inner\"><img decoding=\"async\" class=\"swiper-slide-image\" src=\"https:\/\/sebimart.pl\/wp-content\/uploads\/elementor\/thumbs\/IMG_20230322_113237_689-scaled-qpg6jr2ajavduozmd75lutthn4h6pxlte55jcgwk1c.jpg\" alt=\"IMG_20230322_113237_689\" \/><\/figure><\/div><div class=\"swiper-slide\" role=\"group\" aria-roledescription=\"slide\" aria-label=\"13 of 14\"><figure class=\"swiper-slide-inner\"><img decoding=\"async\" class=\"swiper-slide-image\" src=\"https:\/\/sebimart.pl\/wp-content\/uploads\/elementor\/thumbs\/IMG_20230322_112533_177-scaled-qpg6k4816zded8gi8cudtqhxyiobpp223yac2cd1m8.jpg\" alt=\"IMG_20230322_112533_177\" \/><\/figure><\/div><div class=\"swiper-slide\" role=\"group\" aria-roledescription=\"slide\" aria-label=\"14 of 14\"><figure class=\"swiper-slide-inner\"><img decoding=\"async\" class=\"swiper-slide-image\" src=\"https:\/\/sebimart.pl\/wp-content\/uploads\/elementor\/thumbs\/IMG_20230322_114235_949-scaled-qpg6j3kbsfz7sfxr6ezxmhqyshp0di0iywuecjvecw.jpg\" alt=\"IMG_20230322_114235_949\" \/><\/figure><\/div>\t\t\t<\/div>\n\t\t\t\t\t\t\t\n\t\t\t\t\t\t\t\t\t<div class=\"swiper-pagination\"><\/div>\n\t\t\t\t\t\t\t\t\t<\/div>\n\t\t\t\t<\/div>\n\t\t\t\t<\/div>\n\t\t\t\t\t<\/div>\n\t\t<\/div>\n\t\t\t\t\t<\/div>\n\t\t<\/section>\n\t\t\t\t<\/div>\n\t\t","protected":false},"excerpt":{"rendered":"<p>Sklep Znajdziesz u nas wszystko, czego potrzebujesz do utrzymania Twojego samochodu w doskona\u0142ej kondycji. Zapraszamy do odwiedzenia naszego sklepu i skorzystania z naszej bogatej oferty produkt\u00f3w dla motoryzacji i rolnictwa. Szeroka oferta akcesori\u00f3w Znajdziesz u nas wszystko, czego potrzebujesz do utrzymania Twojego samochodu, ci\u0105gnika lub maszyny rolniczej w doskona\u0142ej kondycji. Zapraszamy do odwiedzenia naszego sklepu i skorzystania z naszej bogatej oferty produkt\u00f3w dla motoryzacji. 1. Elementy odblaskowe: Zapewniaj\u0105ce bezpiecze\u0144stwo na drodze, zgodne z wymogami dotycz\u0105cymi oznakowania pojazd\u00f3w, w tym przyczep&hellip;<\/p>\n","protected":false},"author":1,"featured_media":0,"parent":0,"menu_order":0,"comment_status":"closed","ping_status":"closed","template":"elementor_header_footer","meta":{"footnotes":""},"class_list":["post-489","page","type-page","status-publish","hentry"],"_links":{"self":[{"href":"https:\/\/sebimart.pl\/index.php\/wp-json\/wp\/v2\/pages\/489","targetHints":{"allow":["GET"]}}],"collection":[{"href":"https:\/\/sebimart.pl\/index.php\/wp-json\/wp\/v2\/pages"}],"about":[{"href":"https:\/\/sebimart.pl\/index.php\/wp-json\/wp\/v2\/types\/page"}],"author":[{"embeddable":true,"href":"https:\/\/sebimart.pl\/index.php\/wp-json\/wp\/v2\/users\/1"}],"replies":[{"embeddable":true,"href":"https:\/\/sebimart.pl\/index.php\/wp-json\/wp\/v2\/comments?post=489"}],"version-history":[{"count":26,"href":"https:\/\/sebimart.pl\/index.php\/wp-json\/wp\/v2\/pages\/489\/revisions"}],"predecessor-version":[{"id":1312,"href":"https:\/\/sebimart.pl\/index.php\/wp-json\/wp\/v2\/pages\/489\/revisions\/1312"}],"wp:attachment":[{"href":"https:\/\/sebimart.pl\/index.php\/wp-json\/wp\/v2\/media?parent=489"}],"curies":[{"name":"wp","href":"https:\/\/api.w.org\/{rel}","templated":true}]}}